{"id":83856,"date":"2019-01-24T14:06:58","date_gmt":"2019-01-24T13:06:58","guid":{"rendered":"https:\/\/girona.euses.cat\/?post_type=estudios&#038;p=83856"},"modified":"2026-07-31T14:32:12","modified_gmt":"2026-07-31T12:32:12","slug":"ciclo-formativo-de-grado-superior-de-tecnico-en-radioterapia-y-dosimetria","status":"publish","type":"estudios","link":"https:\/\/girona.euses.cat\/es\/estudios\/ciclo-formativo-de-grado-superior-de-tecnico-en-radioterapia-y-dosimetria\/","title":{"rendered":"Ciclo Formativo de Grado Superior en Radioterapia y Dosimetr\u00eda"},"content":{"rendered":"","protected":false},"author":1,"featured_media":0,"parent":0,"template":"","meta":{"_acf_changed":false,"inline_featured_image":false,"ngg_post_thumbnail":0,"footnotes":""},"nuestros_estudios":[31],"class_list":["post-83856","estudios","type-estudios","status-publish","hentry","nuestros_estudios-ciclos-formativos"],"acf":[],"yoast_head":"<!-- This site is optimized with the Yoast SEO plugin v28.3 - https:\/\/yoast.com\/product\/yoast-seo-wordpress\/ -->\n<title>Ciclo Formativo T\u00e9cnico Imagen Diagn\u00f3stico y Medicina Nuclear<\/title>\n<meta name=\"description\" content=\"El Ciclo Formativo de T\u00e9cnico en Imagen para el Diagn\u00f3stico y Medicina Nuclear de EUSES en Girona ofrece m\u00faltiples salidas profesionales.\" \/>\n<meta name=\"robots\" content=\"index, follow, max-snippet:-1, max-image-preview:large, max-video-preview:-1\" \/>\n<link rel=\"canonical\" href=\"https:\/\/girona.euses.cat\/es\/estudios\/ciclo-formativo-de-grado-superior-de-tecnico-en-radioterapia-y-dosimetria\/\" \/>\n<meta property=\"og:locale\" content=\"es_ES\" \/>\n<meta property=\"og:type\" content=\"article\" \/>\n<meta property=\"og:title\" content=\"Ciclo Formativo T\u00e9cnico Imagen Diagn\u00f3stico y Medicina Nuclear\" \/>\n<meta property=\"og:description\" content=\"El Ciclo Formativo de T\u00e9cnico en Imagen para el Diagn\u00f3stico y Medicina Nuclear de EUSES en Girona ofrece m\u00faltiples salidas profesionales.\" \/>\n<meta property=\"og:url\" content=\"https:\/\/girona.euses.cat\/es\/estudios\/ciclo-formativo-de-grado-superior-de-tecnico-en-radioterapia-y-dosimetria\/\" \/>\n<meta property=\"og:site_name\" content=\"Euses - Campus de Salt (Girona)\" \/>\n<meta property=\"article:publisher\" content=\"https:\/\/www.facebook.com\/EUSESoficial\" \/>\n<meta property=\"article:modified_time\" content=\"2026-07-31T12:32:12+00:00\" \/>\n<meta name=\"twitter:card\" content=\"summary_large_image\" \/>\n<meta name=\"twitter:site\" content=\"@EUSES_oficial\" \/>\n<script type=\"application\/ld+json\" class=\"yoast-schema-graph\">{\"@context\":\"https:\\\/\\\/schema.org\",\"@graph\":[{\"@type\":\"WebPage\",\"@id\":\"https:\\\/\\\/girona.euses.cat\\\/es\\\/estudios\\\/ciclo-formativo-de-grado-superior-de-tecnico-en-radioterapia-y-dosimetria\\\/\",\"url\":\"https:\\\/\\\/girona.euses.cat\\\/es\\\/estudios\\\/ciclo-formativo-de-grado-superior-de-tecnico-en-radioterapia-y-dosimetria\\\/\",\"name\":\"Ciclo Formativo T\u00e9cnico Imagen Diagn\u00f3stico y Medicina Nuclear\",\"isPartOf\":{\"@id\":\"https:\\\/\\\/girona.euses.cat\\\/#website\"},\"datePublished\":\"2019-01-24T13:06:58+00:00\",\"dateModified\":\"2026-07-31T12:32:12+00:00\",\"description\":\"El Ciclo Formativo de T\u00e9cnico en Imagen para el Diagn\u00f3stico y Medicina Nuclear de EUSES en Girona ofrece m\u00faltiples salidas profesionales.\",\"breadcrumb\":{\"@id\":\"https:\\\/\\\/girona.euses.cat\\\/es\\\/estudios\\\/ciclo-formativo-de-grado-superior-de-tecnico-en-radioterapia-y-dosimetria\\\/#breadcrumb\"},\"inLanguage\":\"es\",\"potentialAction\":[{\"@type\":\"ReadAction\",\"target\":[\"https:\\\/\\\/girona.euses.cat\\\/es\\\/estudios\\\/ciclo-formativo-de-grado-superior-de-tecnico-en-radioterapia-y-dosimetria\\\/\"]}]},{\"@type\":\"BreadcrumbList\",\"@id\":\"https:\\\/\\\/girona.euses.cat\\\/es\\\/estudios\\\/ciclo-formativo-de-grado-superior-de-tecnico-en-radioterapia-y-dosimetria\\\/#breadcrumb\",\"itemListElement\":[{\"@type\":\"ListItem\",\"position\":1,\"name\":\"Portada\",\"item\":\"https:\\\/\\\/girona.euses.cat\\\/es\\\/\"},{\"@type\":\"ListItem\",\"position\":2,\"name\":\"Ciclo Formativo de Grado Superior en Radioterapia y Dosimetr\u00eda\"}]},{\"@type\":\"WebSite\",\"@id\":\"https:\\\/\\\/girona.euses.cat\\\/#website\",\"url\":\"https:\\\/\\\/girona.euses.cat\\\/\",\"name\":\"Euses - Campus de Salt (Girona)\",\"description\":\"EUSES, Escola Universit\u00e0ria de Fisioter\u00e0pia i CAFE\",\"potentialAction\":[{\"@type\":\"SearchAction\",\"target\":{\"@type\":\"EntryPoint\",\"urlTemplate\":\"https:\\\/\\\/girona.euses.cat\\\/?s={search_term_string}\"},\"query-input\":{\"@type\":\"PropertyValueSpecification\",\"valueRequired\":true,\"valueName\":\"search_term_string\"}}],\"inLanguage\":\"es\"}]}<\/script>\n<!-- \/ Yoast SEO plugin. -->","yoast_head_json":{"title":"Ciclo Formativo T\u00e9cnico Imagen Diagn\u00f3stico y Medicina Nuclear","description":"El Ciclo Formativo de T\u00e9cnico en Imagen para el Diagn\u00f3stico y Medicina Nuclear de EUSES en Girona ofrece m\u00faltiples salidas profesionales.","robots":{"index":"index","follow":"follow","max-snippet":"max-snippet:-1","max-image-preview":"max-image-preview:large","max-video-preview":"max-video-preview:-1"},"canonical":"https:\/\/girona.euses.cat\/es\/estudios\/ciclo-formativo-de-grado-superior-de-tecnico-en-radioterapia-y-dosimetria\/","og_locale":"es_ES","og_type":"article","og_title":"Ciclo Formativo T\u00e9cnico Imagen Diagn\u00f3stico y Medicina Nuclear","og_description":"El Ciclo Formativo de T\u00e9cnico en Imagen para el Diagn\u00f3stico y Medicina Nuclear de EUSES en Girona ofrece m\u00faltiples salidas profesionales.","og_url":"https:\/\/girona.euses.cat\/es\/estudios\/ciclo-formativo-de-grado-superior-de-tecnico-en-radioterapia-y-dosimetria\/","og_site_name":"Euses - Campus de Salt (Girona)","article_publisher":"https:\/\/www.facebook.com\/EUSESoficial","article_modified_time":"2026-07-31T12:32:12+00:00","twitter_card":"summary_large_image","twitter_site":"@EUSES_oficial","schema":{"@context":"https:\/\/schema.org","@graph":[{"@type":"WebPage","@id":"https:\/\/girona.euses.cat\/es\/estudios\/ciclo-formativo-de-grado-superior-de-tecnico-en-radioterapia-y-dosimetria\/","url":"https:\/\/girona.euses.cat\/es\/estudios\/ciclo-formativo-de-grado-superior-de-tecnico-en-radioterapia-y-dosimetria\/","name":"Ciclo Formativo T\u00e9cnico Imagen Diagn\u00f3stico y Medicina Nuclear","isPartOf":{"@id":"https:\/\/girona.euses.cat\/#website"},"datePublished":"2019-01-24T13:06:58+00:00","dateModified":"2026-07-31T12:32:12+00:00","description":"El Ciclo Formativo de T\u00e9cnico en Imagen para el Diagn\u00f3stico y Medicina Nuclear de EUSES en Girona ofrece m\u00faltiples salidas profesionales.","breadcrumb":{"@id":"https:\/\/girona.euses.cat\/es\/estudios\/ciclo-formativo-de-grado-superior-de-tecnico-en-radioterapia-y-dosimetria\/#breadcrumb"},"inLanguage":"es","potentialAction":[{"@type":"ReadAction","target":["https:\/\/girona.euses.cat\/es\/estudios\/ciclo-formativo-de-grado-superior-de-tecnico-en-radioterapia-y-dosimetria\/"]}]},{"@type":"BreadcrumbList","@id":"https:\/\/girona.euses.cat\/es\/estudios\/ciclo-formativo-de-grado-superior-de-tecnico-en-radioterapia-y-dosimetria\/#breadcrumb","itemListElement":[{"@type":"ListItem","position":1,"name":"Portada","item":"https:\/\/girona.euses.cat\/es\/"},{"@type":"ListItem","position":2,"name":"Ciclo Formativo de Grado Superior en Radioterapia y Dosimetr\u00eda"}]},{"@type":"WebSite","@id":"https:\/\/girona.euses.cat\/#website","url":"https:\/\/girona.euses.cat\/","name":"Euses - Campus de Salt (Girona)","description":"EUSES, Escola Universit\u00e0ria de Fisioter\u00e0pia i CAFE","potentialAction":[{"@type":"SearchAction","target":{"@type":"EntryPoint","urlTemplate":"https:\/\/girona.euses.cat\/?s={search_term_string}"},"query-input":{"@type":"PropertyValueSpecification","valueRequired":true,"valueName":"search_term_string"}}],"inLanguage":"es"}]}},"_links":{"self":[{"href":"https:\/\/girona.euses.cat\/es\/wp-json\/wp\/v2\/estudios\/83856","targetHints":{"allow":["GET"]}}],"collection":[{"href":"https:\/\/girona.euses.cat\/es\/wp-json\/wp\/v2\/estudios"}],"about":[{"href":"https:\/\/girona.euses.cat\/es\/wp-json\/wp\/v2\/types\/estudios"}],"author":[{"embeddable":true,"href":"https:\/\/girona.euses.cat\/es\/wp-json\/wp\/v2\/users\/1"}],"version-history":[{"count":51,"href":"https:\/\/girona.euses.cat\/es\/wp-json\/wp\/v2\/estudios\/83856\/revisions"}],"predecessor-version":[{"id":113515,"href":"https:\/\/girona.euses.cat\/es\/wp-json\/wp\/v2\/estudios\/83856\/revisions\/113515"}],"wp:attachment":[{"href":"https:\/\/girona.euses.cat\/es\/wp-json\/wp\/v2\/media?parent=83856"}],"wp:term":[{"taxonomy":"nuestros_estudios","embeddable":true,"href":"https:\/\/girona.euses.cat\/es\/wp-json\/wp\/v2\/nuestros_estudios?post=83856"}],"curies":[{"name":"wp","href":"https:\/\/api.w.org\/{rel}","templated":true}]}}

Ciclo Formativo de Grado Superior en Radioterapia y Dosimetría

<!-- This site is optimized with the Yoast SEO plugin v28.3 - https://yoast.com/product/yoast-seo-wordpress/ -->
<title>Ciclo Formativo Técnico Imagen Diagnóstico y Medicina Nuclear</title>
<meta name="description" content="El Ciclo Formativo de Técnico en Imagen para el Diagnóstico y Medicina Nuclear de EUSES en Girona ofrece múltiples salidas profesionales." />
<meta name="robots" content="index, follow, max-snippet:-1, max-image-preview:large, max-video-preview:-1" />
<link rel="canonical" href="https://girona.euses.cat/es/estudios/ciclo-formativo-de-grado-superior-de-tecnico-en-radioterapia-y-dosimetria/" />
<meta property="og:locale" content="es_ES" />
<meta property="og:type" content="article" />
<meta property="og:title" content="Ciclo Formativo Técnico Imagen Diagnóstico y Medicina Nuclear" />
<meta property="og:description" content="El Ciclo Formativo de Técnico en Imagen para el Diagnóstico y Medicina Nuclear de EUSES en Girona ofrece múltiples salidas profesionales." />
<meta property="og:url" content="https://girona.euses.cat/es/estudios/ciclo-formativo-de-grado-superior-de-tecnico-en-radioterapia-y-dosimetria/" />
<meta property="og:site_name" content="Euses - Campus de Salt (Girona)" />
<meta property="article:publisher" content="https://www.facebook.com/EUSESoficial" />
<meta property="article:modified_time" content="2026-07-31T12:32:12+00:00" />
<meta name="twitter:card" content="summary_large_image" />
<meta name="twitter:site" content="@EUSES_oficial" />
<script type="application/ld+json" class="yoast-schema-graph">{"@context":"https:\/\/schema.org","@graph":[{"@type":"WebPage","@id":"https:\/\/girona.euses.cat\/es\/estudios\/ciclo-formativo-de-grado-superior-de-tecnico-en-radioterapia-y-dosimetria\/","url":"https:\/\/girona.euses.cat\/es\/estudios\/ciclo-formativo-de-grado-superior-de-tecnico-en-radioterapia-y-dosimetria\/","name":"Ciclo Formativo Técnico Imagen Diagnóstico y Medicina Nuclear","isPartOf":{"@id":"https:\/\/girona.euses.cat\/#website"},"datePublished":"2019-01-24T13:06:58+00:00","dateModified":"2026-07-31T12:32:12+00:00","description":"El Ciclo Formativo de Técnico en Imagen para el Diagnóstico y Medicina Nuclear de EUSES en Girona ofrece múltiples salidas profesionales.","breadcrumb":{"@id":"https:\/\/girona.euses.cat\/es\/estudios\/ciclo-formativo-de-grado-superior-de-tecnico-en-radioterapia-y-dosimetria\/#breadcrumb"},"inLanguage":"es","potentialAction":[{"@type":"ReadAction","target":["https:\/\/girona.euses.cat\/es\/estudios\/ciclo-formativo-de-grado-superior-de-tecnico-en-radioterapia-y-dosimetria\/"]}]},{"@type":"BreadcrumbList","@id":"https:\/\/girona.euses.cat\/es\/estudios\/ciclo-formativo-de-grado-superior-de-tecnico-en-radioterapia-y-dosimetria\/#breadcrumb","itemListElement":[{"@type":"ListItem","position":1,"name":"Portada","item":"https:\/\/girona.euses.cat\/es\/"},{"@type":"ListItem","position":2,"name":"Ciclo Formativo de Grado Superior en Radioterapia y Dosimetría"}]},{"@type":"WebSite","@id":"https:\/\/girona.euses.cat\/#website","url":"https:\/\/girona.euses.cat\/","name":"Euses - Campus de Salt (Girona)","description":"EUSES, Escola Universitària de Fisioteràpia i CAFE","potentialAction":[{"@type":"SearchAction","target":{"@type":"EntryPoint","urlTemplate":"https:\/\/girona.euses.cat\/?s={search_term_string}"},"query-input":{"@type":"PropertyValueSpecification","valueRequired":true,"valueName":"search_term_string"}}],"inLanguage":"es"}]}</script>
<!-- / Yoast SEO plugin. -->

Ciclo Formativo Técnico Imagen Diagnóstico y Medicina Nuclear

El Ciclo Formativo de Técnico en Imagen para el Diagnóstico y Medicina Nuclear de EUSES en Girona ofrece múltiples salidas profesionales.

EUSES, Escola Universitària de Fisioteràpia i CAFE
